+ 42629. Calculate x(6).
-49
Let p(y) = 3*y**3 + 57*y**2 - 11*y + 40. Determine p(-19).
249
Let y(c) = 5*c**3 - 79*c**2 + 3*c - 53. Calculate y(16).
251
Let h(f) = f**2 - 2526*f + 65038. Give h(26).
38
Let x(r) = 7*r**2 - 539*r - 220. Determine x(76).
-752
Let r(m) = 83414*m - 667264. Give r(8).
48
Let v(w) = w**2 - 780*w - 49444. Determine v(-59).
57
Let g(b) = -10*b**3 - 63*b**2 + 63*b + 59. Give g(-7).
-39
Let g(r) = 215*r**2 - 3130*r + 1689. Give g(14).
9
Let y(i) = -4*i**3 + 80*i**2 + 21*i + 69. What is y(20)?
489
Let k(s) = s**2 + 800*s + 20101. What is k(-26)?
-23
Let n(p) = -2*p**3 + 60*p**2 + 376*p + 2002. Determine n(36).
-14
Let o(n) = 125*n + 6684. What is o(-58)?
-566
Let l(i) = 574*i**2 - 1083*i + 1082. Calculate l(1).
573
Let u(g) = 2*g**3 - 175*g**2 + 94*g + 58. Calculate u(87).
667
Let q(o) = 5*o**2 - 715*o - 2050. Give q(146).
140
Let r(h) = 50027*h + 8654688. Determine r(-173).
17
Let l(q) = -1346*q + 58086. Calculate l(43).
208
Let d(x) = 1755*x + 22786. Determine d(-13).
-29
Let q(w) = -110*w**2 + 15962*w - 346. What is q(145)?
1394
Let b(i) = i**3 + 276*i**2 + 18316*i + 177. Determine b(-165).
12
Let f(y) = y**2 - 11261*y - 56256. Calculate f(-5).
74
Let g(b) = 13*b**2 + 614*b - 5988. Determine g(10).
1452
Let f(j) = -j**3 - 24*j**2 - 117*j - 1497. Give f(-21).
-363
Let l(x) = x**3 - 224*x - 1178. What is l(-5)?
-183
Let q(r) = 3232*r + 8937. Determine q(-3).
-759
Let o(h) = -h**2 + 77*h + 47266. Calculate o(-184).
-758
Let f(w) = w**2 + 287*w + 5639. Calculate f(-21).
53
Let w(y) = -33605*y**2 + 235238*y - 28. What is w(7)?
-7
Let t(o) = -13804*o + 16. What is t(0)?
16
Let f(a) = -108904*a + 1960273. Calculate f(18).
1
Let d(f) = 25*f**2 - 136*f + 163. Give d(2).
-9
Let z(r) = r**3 - 123*r**2 + 966*r - 5289. Determine z(115).
1
Let o(k) = 12162*k + 22491. Calculate o(-2).
-1833
Let i(n) = -480*n**2 - 77758*n + 269. Calculate i(-162).
-55
Let t(c) = -6*c**2 + 311*c - 2708. Determine t(11).
-13
Let m(i) = -i**3 - 834*i**2 - 4099*i + 200. Determine m(-5).
-30
Let d(r) = 4948*r + 39576. Determine d(-8).
-8
Let v(x) = -13009*x + 25986. Calculate v(2).
-32
Let h(k) = 70477*k - 1691459. What is h(24)?
-11
Let x(q) = -q**3 + 190*q**2 + 2228*q + 300. What is x(-11)?
113
Let s(k) = 237*k + 16798. Calculate s(-69).
445
Let s(n) = 2*n**3 + 90*n**2 - 547*n + 786. Determine s(3).
9
Let s(d) = -60*d**3 + 48*d**2 + 155*d. Calculate s(-3).
1587
Let d(u) = -271389*u - 271383. Determine d(-1).
6
Let t(s) = 38050*s + 1560058. Determine t(-41).
8
Let q(j) = -440*j + 4017. Determine q(11).
-823
Let u(n) = -n**3 - 47*n**2 - 39*n + 337. Determine u(-46).
15
Let n(d) = 7*d**2 + 631*d - 1940. Give n(3).
16
Let j(b) = 2*b**3 + 57*b**2 - 576*b - 15718. Calculate j(-29).
145
Let l(z) = 4*z**2 - 88*z + 230. Calculate l(23).
322
Let i(g) = -2*g**3 - 5*g**2 + 47*g + 113. What is i(7)?
-489
Let p(w) = 1494*w**2 - 17943*w - 43. What is p(12)?
-223
Let s(b) = -112*b**2 + 89*b + 625. Give s(-2).
-1
Let g(b) = 3*b**3 - 3*b**2 - 42*b - 9. Determine g(-4).
-81
Let m(j) = j**3 + 244*j**2 - 3992*j - 27710. Give m(-259).
3
Let x(k) = -113*k - 18633. Calculate x(-165).
12
Let x(s) = 6*s**3 + 439*s**2 + 4152*s + 546. Determine x(-11).
7
Let g(u) = u**3 - 31*u**2 - 126*u + 1848. Calculate g(34).
1032
Let o(i) = 23*i**2 + 901*i + 19. Determine o(-38).
-1007
Let w(l) = -l**2 + 1379*l - 169093. What is w(136)?
-45
Let y(l) = l**2 - 152*l - 21209. Give y(-88).
-89
Let j(r) = 105*r - 20580. Determine j(196).
0
Let h(i) = -i**3 - 4958*i**2 + 19689*i + 643. Determine h(4).
7
Let i(h) = -12*h**3 - 518*h**2 + 1530*h + 56. Determine i(3).
-340
Let h(v) = -v**3 - 1055*v**2 + 6337*v - 30804. Calculate h(-1061).
-35
Let w(v) = -4*v**3 + v**2 + 1175*v - 2329. Calculate w(2).
-7
Let l(v) = -v**3 - 21*v**2 - 212*v - 8893. What is l(-26)?
-1
Let w(c) = -14*c**3 - 54*c**2 - 249*c + 72. What is w(-5)?
1717
Let u(j) = 374*j + 3043. Give u(-9).
-323
Let c(l) = 143435*l + 4159609. Give c(-29).
-6
Let m(p) = -5835*p - 1768000. Determine m(-303).
5
Let i(q) = -2*q**3 - 257*q**2 - 1644*q - 1041. Calculate i(-6).
3
Let y(a) = 5*a**3 + 95*a**2 - 56*a + 150. Give y(-20).
-730
Let o(f) = -20*f**3 - 9*f**2 + 13*f + 17. Determine o(-1).
15
Let a(j) = -5*j**2 - 1579*j + 34183. Calculate a(-336).
247
Let u(m) = -12*m**2 - 437*m + 17399. What is u(24)?
-1
Let n(m) = -29*m**2 + 249*m + 479. Give n(-2).
-135
Let w(p) = 3*p**2 - 269*p + 1438. What is w(81)?
-668
Let c(b) = 8072*b - 121044. Calculate c(15).
36
Let j(k) = 4*k**2 - 38735*k + 154955. Determine j(4).
79
Let k(b) = -2*b**3 - 269*b**2 + 146*b + 1486. Give k(-135).
1
Let a(v) = 62357*v - 62559. Calculate a(1).
-202
Let i(v) = -16555*v + 5281039. What is i(319)?
-6
Let p(r) = -167297*r - 1840249. What is p(-11)?
18
Let p(t) = -113*t**2 - 424*t - 3. What is p(-4)?
-115
Let o(y) = -y**3 - 235*y**2 - 7006*y - 1198. Calculate o(-200).
2
Let m(h) = 6*h**2 + 1448*h + 22318. Calculate m(-15).
1948
Let y(c) = 3573*c - 889. What is y(0)?
-889
Let w(f) = 110*f - 564. Calculate w(5).
-14
Let d(s) = 27758*s**2 + 83275*s + 6. Determine d(-3).
3
Let i(r) = r**2 + 457*r + 30520. Give i(-82).
-230
Let w(t) = 6067*t + 6040. What is w(-1)?
-27
Let m(q) = 212*q**3 + 1056*q**2 + 20*q + 173. Calculate m(-5).
-27
Let h(y) = -264*y**2 + 2*y - 5. Determine h(2).
-1057
Let z(w) = -w**3 - 24*w**2 - 172*w - 2965. What is z(-23)?
462
Let v(k) = -k**3 - 21*k**2 - k + 6. Give v(-19).
-697
Let z(d) = 6*d**3 + 3*d**2 + 17*d + 75. Give z(-2).
5
Let h(u) = u**3 + 470*u**2 + 4902*u + 138920. Give h(-460).
0
Let z(o) = 89*o + 1096. Give z(-13).
-61
Let g(r) = 8*r**2 + 2*r - 901. Determine g(0).
-901
Let s(y) = y**3 - 83*y**2 - 8393*y + 182. Calculate s(142).
-1948
Let w(t) = -2*t**3 - 15*t**2 + 2035*t - 480. What is w(-36)?
132
Let a(s) = s**3 + 32*s**2 - 226*s + 61. Calculate a(-38).
-15
Let t(v) = 7*v**3 + 201*v**2 + 110*v - 826. What is t(-28)?
14
Let w(u) = 8*u**3 + 93*u**2 - 41*u - 50. Calculate w(-12).
10
Let b(v) = 2040*v + 20494. What is b(-10)?
94
Let d(c) = 388*c + 43057. What is d(-111)?
-11
Let z(m) = 2*m**2 - 130*m + 1536. What is z(15)?
36
Let w(q) = 4*q**2 + 95*q - 1011. Calculate w(-31).
-112
Let c(m) = m**3 + 145*m**2 - 197*m - 88468. Determine c(-142).
-2
Let w(j) = 2341*j - 255. Give w(0).
-255
Let t(l) = 13*l + 430. Determine t(-51).
-233
Let o(p) = -22*p**2 - 725*p + 3032. Calculate o(-37).
-261
Let k(l) = -l**3 + 20*l**2 + 62*l + 150. Calculate k(22).
546
Let v(c) = c**3 - 1000*c**2 + 11862*c + 89. Determine v(12).
161
Let n(a) = 224*a**3 - 10*a**2 + 2*a - 1. Give n(2).
1755
Let b(m) = -3400*m - 74861. What is b(-22)?
-61
Let m(x) = -10*x**2 + 744*x + 1808. Give m(78).
-1000
Let b(r) = 1010019*r - 24240458. What is b(24)?
-2
Let n(x) = -x**3 + 22*x**2 + 9223*x - 58376. Determine n(-89).
8
Let x(z) = 213*z**2 + 117582*z + 3312. Calculate x(-552).
0
Let n(p) = 5*p**2 - 792*p + 5518. Calculate n(7).
219
Let w(r) = 5365*r + 79085. What is w(-15)?
-1390
Let f(h) = -2*h**2 + 239054*h + 3825397. Give f(-16).
21
Let x(h) = 14768*h + 20246921. Calculate x(-1371).
-7
Let w(k) = -4*k**2 - 43*k + 391. Calculate w(8).
-209
Let w(a) = 28973*a + 3187022. What is w(-110)?
-8
Let v(n) = -214*n + 21091. Determine v(102).
-737
Let v(a) = 5411*a - 1580031. Determine v(292).
-19
Let t(p) = -4*p**2 + 853*p + 28908. Determine t(243).
-9
Let y(b) = b**3 + 2546*b**2 + 5225*b + 348523. Calculate y(-2544).
-5
Let y(h) = -2854*h + 393944. What is y(138)?
92
Let i(a) = 7399*a + 1302217. Give i(-176).
-7
Let b(d) = 1270*d - 193046. Calculate b(152).
-6
Let k(l) = -10*l**2 - 419*l - 2150. Calculate k(-6).
4
Let s(v) = 573*v + 155455. Determine s(-271).
172
Let c(k) = 2*k**2 + 418*k + 10370. Determine c(-24).
1490
Let h(y) = -29*y**2 - 67*y + 254. Calculate h(6).
-1192
Let s(w) = w**3 + 169*w**2 - 394*w - 8905. Give s(-171).
-13
Let u(q) = -5*q**2 - 944*q + 39434. Determine u(-224).
10
Let a(k) = -15*k**2 + 480*k - 39. Determine a(32).
-39
Let k(u) = -37*u**2 + 730*u - 120. Determine k(20).
-320
Let s(l) = -2*l**3 + 1946*l**2 - 7727*l - 24240. Give s(969).
-15
Let j(o) = o**3 - 443*o**2 + 12390*o - 39. Determine j(413).
-39
Let p(d) = 39537*d - 51951616. Give p(1314).
2
Let o(j) = -283*j**2 + 3933*j + 43. What is o(14)?
-363
Let w(k) = 22852*k + 4936021. Determine w(-216).
-11
Let f(